62*w - 9. Let g(m) = -4*l(m) + 7*y(m). Is g(-1) prime?
False
Is 1/4 - (-15257487)/276 composite?
True
Is (-17)/68*(-60429 - -1) a prime number?
True
Let l = -24 - -26. Suppose 0 = -4*g - g + l*h + 43, -5*h + 8 = 4*g. Suppose s + g = 58. Is s composite?
True
Suppose 0 = 2*w - n - n - 66, 5*w - 167 = 4*n. Suppose -5*a + w = -0*a. Suppose -12*k + a*k + 695 = 0. Is k a prime number?
True
Let p(i) = -2823*i + 242. Is p(-3) a composite number?
True
Let b(u) = -6*u + 1. Let j be b(-1). Suppose 0 = j*p - 0*p - 455. Is p prime?
False
Suppose -7*n + 3*n + 56380 = q, 5*q = 0. Is n a prime number?
False
Let w = 1679 - -2638. Is w composite?
True
Let w be 4/(-26) - (-6)/39. Let h be (w - -1) + (-2)/1. Is (-4 + -315)/h + 0 a prime number?
False
Let l = 28262 - 16585. Is l prime?
True
Let f be ((-2)/(-2))/((-1)/907). Let b = f - -1626. Is b a composite number?
False
Let w = 20045 + -9852. Is w a prime number?
True
Suppose -14*c + 120869 = -7*c. Is c a composite number?
True
Let f = -24 + 14. Let d be 1064/6 + f/(-15). Is (-9)/(-3)*d/6 composite?
False
Suppose -2*z - 3*v = 7, 4*z - 36 + 0 = 4*v. Suppose -4*l + 8 = z*w, -3*l = -3*w - 7 - 11. Is (l/(-2))/((-2)/149) composite?
False
Let g be ((-8)/(-10))/(4/530). Suppose 0*i + 2*i - g = 0. Let k = -27 + i. Is k a prime number?
False
Let i = -76 + 74. Is (-3 - (-53)/i)/((-2)/20) a composite number?
True
Let h = 68 - 63. Suppose q - 1943 = -5*z, -4*q + 1612 = -h*z - 6160. Is q composite?
True
Let l = 23 - -776. Is l a prime number?
False
Let x = -21676 + 36179. Suppose -4*v = -16, -2*v = u - 4*u + x. Is u prime?
False
Let g(p) = -282*p - 153. Is g(-8) composite?
True
Let r(z) = 8*z - 15. Let g(o) = -o**2 + 33*o - 61. Let q(w) = -2*g(w) + 9*r(w). Is q(8) a composite number?
False
Suppose q - 259 = 3*i, -4*i = q + 91 - 350. Is q composite?
True
Let a(g) = -g**3 - 10*g**2 - 13*g + 4. Let p be a(-11). Let f = 476 - p. Let x = f + 181. Is x a prime number?
True
Suppose s + 3*s = 4*x + 32, 8 = -3*x - 5*s. Let o be ((-2260)/x)/(2/3). Suppose 6*m - o = m. Is m a prime number?
True
Suppose 4*v = 3*o - 632 - 216, 4*o + 3*v - 1164 = 0. Suppose f - 4*i = 117 - 20, 4*f - o = -4*i. Is f prime?
False
Let u be -2*((-4)/12)/((-3)/(-36)). Suppose 12820 = u*b + 2*b. Is b prime?
False
Is (2 - -7295)*(0 - -1) composite?
False
Suppose -2*a = 4*a + 12. Is (2/6)/((-4147)/(-2073) + a) a prime number?
True
Let x be -2 - (0 - -3) - -2. Suppose 0 = -0*g - 3*g + 6. Is 72 + g/(2/x) a composite number?
True
Let i(p) = -1240*p - 21. Is i(-7) a composite number?
True
Suppose -192 = -5*o + l, -5*o - 3*l = 69 - 273. Suppose p = o - 9. Suppose 0 = -f + p + 109. Is f prime?
True
Let j be (92/69)/(0 - 2/(-3)). Is (j/8*4)/((-2)/(-2174)) composite?
False
Let s be (-2)/12 + ((-19911)/(-18) - -1). Let v = s + -644. Is v prime?
True
Let i = -1340 - -3087. Is i prime?
True
Let s(x) = 56*x. Let w(g) = 112*g + 1. Let t(v) = 5*s(v) - 3*w(v). Is t(-1) prime?
True
Is 0 - (-68848)/8 - 3 a prime number?
False
Let c = 4251 + 1395. Suppose 0*i + i - c = -3*w, -5*i - 15 = 0. Is w prime?
False
Suppose 0 = 2*a - 10, 4*m - 5 - 28 = -5*a. Suppose -m*l + 42 = z, -4*z - 14 = -3*l + 71. Is l composite?
False
Let f be (-9199)/(-5) + 8/40. Suppose s - f - 493 = 0. Is s a prime number?
True
Let g be -7*(186/21 - 2). Let x be 102/4*148/(-6). Let u = g - x. Is u a prime number?
False
Is -3 - -15198*(-16)/(-24) composite?
True
Let w = 3241 + 11070. Is w composite?
True
Let s(j) = -2*j**2 - j. Let k be s(0). Suppose c + 0*c - 2 = k. Suppose 676 = 2*i + 2*n, c*n - 5*n = 9. Is i a composite number?
True
Is (-140590)/(-25) - ((-18)/(-30) - 0) a composite number?
False
Is 134529 + (-15)/((-45)/12) prime?
False
Let z(m) = -m**2 + 12*m - 18. Let l be z(9). Suppose 0 = -3*i + l*i - 12486. Is i composite?
False
Suppose 0 = i + 116 - 30. Let z = i + 51. Let m = z - -69. Is m a prime number?
False
Let a be 3 - 1*(-2 + 3). Suppose 20 = 2*y + a*y. Suppose -y*x + 841 + 634 = 0. Is x a composite number?
True
Let t = -51 + 36. Let i = t + 11. Is 919 - (-1 - (i - -3)) a composite number?
False
Let j(y) = y**2 - 5*y - 1. Let x be j(6). Let f be x/5 + 12 + -1. Is (354/f)/(2/4) composite?
False
Suppose -4*j = -781 - 2767. Suppose -31*n = -30*n - j. Is n a composite number?
False
Let k = 1 - 7. Let g(t) = 5 + 2*t - 7*t - 7*t - 7*t. Is g(k) composite?
True
Suppose -4*w = 3*y - 18, -5*y = -3*y - 5*w - 12. Is (9/y)/(9/1770) a prime number?
False
Let w(h) = -3*h + 2. Let n be w(-7). Let l = 72 + n. Is l prime?
False
Let v(j) = -j**2 - 6*j + 9. Let q be v(-7). Suppose -7*k + 8075 = -q*k. Suppose 6*o - k = o. Is o prime?
False
Let i be (5/10 - 1)*-10. Suppose 3*a - 2 = i*a. Is a - 7/(21/(-234)) a composite number?
True
Let l(u) = -106*u + 2. Let r = -13 + 10. Let t be l(r). Let k = -97 + t. Is k prime?
True
Suppose 5*o = 5*o - 3*o. Let q = 4617 - 3092. Suppose 2*z = o, -q = -3*c + 5*z - 64. Is c a composite number?
False
Let l = -1813 + 6147. Suppose 0 = -y - y + l. Is y a composite number?
True
Let r = -7 + 16. Suppose -4*g = -2*g. Is 27/r - (-334 - g) composite?
False
Is (-17604)/90*100/(-6) + 3 prime?
False
Let s(r) = 5*r**3 + 6*r**2 + 2*r - 12. Let x be s(8). Suppose 5*v - 9*v = -2*g - x, -731 = -v + 2*g. Is v composite?
False
Let h(l) = -2*l + 12. Let b be h(0). Let p be 6/b*4/(-2). Is 843/(-2)*(p + -1) composite?
True
Let p(m) = m**2 + 3*m + 1580. Let h be p(0). Suppose 2*l = h + 38. Is l a prime number?
True
Let l(h) = -h**2 + 7*h - 7. Let k be l(5). Suppose -k*a + 8 = a. Suppose -a*i = 4*b - 682, 3*b - 513 = -0*b - 2*i. Is b prime?
False
Let y(r) = r**2 + 12 - 2*r - 3 - 6*r. Let k be y(7). Suppose -k*q + q + 56 = 2*u, -3*u = 3*q - 90. Is u a composite number?
True
Let d be (0 - -4)*365 - -2 - 0. Suppose 5*j = -3*p + d, 3*j + 1959 = 8*p - 4*p. Is p a composite number?
True
Suppose 9*r = r + 72. Suppose 27 = 5*n - g - g, r = n - 4*g. Suppose -n = d, -55 = -3*p - 2*p - 4*d. Is p composite?
True
Suppose 2100708 - 842924 = 88*b. Is b a composite number?
False
Suppose 2*c - 270 = -3*c. Suppose b - 3*r = -9, c = 5*b + 5*r + 19. Suppose -5*n = -b*n - 38. Is n prime?
True
Let l = -66 + 116. Let y = l - -95. Is y a composite number?
True
Let u(d) = 5*d**3 + 14*d**2 - 8*d - 82. Is u(11) composite?
False
Is 1/2 - ((-134651)/22 - -8) a composite number?
False
Suppose 2*a + 952 = 2*w - 0*a, -4*a + 12 = 0. Is w a prime number?
True
Suppose 2*y + 4*p = -14, 4*y + 19 = -5*p + 6. Suppose -y*r = -175 + 16. Is r a prime number?
True
Let x be 3867/(-21) - 3/(-21). Let y = x + 387. Is y a prime number?
False
Suppose 4*l = 5*w + 3 - 7, -2*w + 28 = 5*l. Suppose -2*z + 101 = -l*m - 349, 3*z = -2*m + 675. Suppose -2*q + 189 = 2*d - z, 5*q + 20 = 0. Is d prime?
True
Let q(t) = 28*t - 25. Let h = 0 - -17. Is q(h) a prime number?
False
Let a be (1 - -220)*(4 + -1). Suppose 3*g = i + 464, 751 + a = -3*i - 2*g. Let j = -271 - i. Is j composite?
False
Let n = -20 - -19. Let m = n - -3. Suppose 3*t - 144 = -4*p, m*p + 0*t - 74 = -2*t. Is p a prime number?
False
Suppose 0*b + 3*b = 72. Suppose 8*w = 5*w + b. Suppose 0 = -4*r + 5*k + 1775, w*r - 3*r = 4*k + 2221. Is r a prime number?
False
Suppose -w - w - 5*v = -9, -4*v = -4*w + 32. Let x(l) = l**2 - 6*l - 6. Let d be x(w). Is (0 - d)/(4/(-92)) a composite number?
False
Is 10 + (-12)/((-36)/529077) composite?
False
Is (105/14)/(-15) + (-2349)/(-6) a prime number?
False
Suppose 0 = p - 5*b - 8, b + 7 = 2*p - 0*b. Suppose 2*d + p*d - q = 2465, -5*q = -3*d + 1479. Is d a composite number?
True
Suppose -m - 4*t + 6*t = -10, 2*t + 10 = -2*m. Is 1*(4 - -1819) + m a composite number?
False
Let d = -11 - -14. Let c(a) = a - 2 - d + 54. Is c(0) a prime number?
False
Suppose 0 = h - 11 - 17. Let g(w) = -w - h*w - 2 - 10 - 2*w. Is g(-11) a composite number?
True
Suppose -8*f = -7*f - 15. Suppose -3*k + 3*c + 19 = c, -5*c + f = 5*k. Suppose -k*d + 1202 = -63. Is d prime?
False
Is 5945 - (4 + 2 + -14) prime?
True
Let m = 19 + -15. Suppose 0 = -d - m, 4931 = 2*w + 3*w - 4*d. Is w composite?
False
Suppose -3251 = -0*i - i. Is i prime?
True
Let q(v) = -1288*v + 3. Let l = -34 - -32. Is q(l) a composite number?
False
Let c be 101234/42 - 2/6. Let m = c + -1013. Is m composite?
True
Suppose 3*f = 4*f - 329. Let b = 297 + -185. Let n = f - b. Is n a prime number?
False
Let j(b) = 235*b + 19. Is 